 + 20*v, 2*b = v - 223. Let i = 926 - v. What is the hundreds digit of i?
7
Let d(s) = 2*s**2 + 58*s - 30. Let g be d(-30). Let b = 498 - g. What is the hundreds digit of b?
4
Suppose 6*k - 20 = 4*j + 3*k, 20 = -4*j + 4*k. What is the units digit of j/(5/(-29)) - (1 - -3)?
5
Suppose -b = n - 255, 0 = 2*n - 7 - 1. What is the hundreds digit of b?
2
Suppose -3*j = -4*g + 4861, -g = 2*g - 3*j - 3645. Let c be 44/33 - g/(-6). Suppose -2*r + c + 110 = 0. What is the tens digit of r?
5
Let s(n) = 13*n**3 - 9*n**2 - 3*n - 5. Let w be s(5). Suppose -a - 270 = -b, -6*b + w = -b + a. What is the tens digit of b?
7
Suppose 5*o = 10, -3*m - o + 16342 + 42316 = 0. What is the thousands digit of m?
9
Let d = -509 + -411. Let z = -645 - d. What is the units digit of z?
5
Suppose -t = 84*c - 81*c - 136141, 4*t = 4*c - 181548. What is the ten thousands digit of c?
4
Let y be (-4 - -4)/((2 - 4)/2). Suppose -3*g = y, -p - 4*g = -6*g - 292. What is the units digit of p?
2
Let s = -5432 + 11330. What is the hundreds digit of s?
8
Let c = -129 - -144. Let z(l) = l**3 - 13*l**2 - 12*l - 32. What is the units digit of z(c)?
8
Suppose 7*h = 19 + 2. Suppose -h*y - y = 4*p - 4, 45 = 5*p - 3*y. What is the tens digit of 483/(-42)*p/(-1)?
6
Suppose -52280 = -3*q - 5*k, 14803 + 2617 = q + 5*k. What is the hundreds digit of q?
4
Let k(i) = 75*i**2 + 3*i + 154*i**2 + 4*i**2 + 4 - 6*i**2. Let a(c) = -c**3 - 7*c**2 - c - 8. Let b be a(-7). What is the hundreds digit of k(b)?
2
Suppose -8*p + 77308 = 3*p. What is the units digit of p?
8
Let j(p) = 1034*p**2 - 915*p + 4630. What is the thousands digit of j(5)?
5
Let t(w) be the second derivative of 2*w**2 + 0 - 4*w - 2/3*w**4 - 1/6*w**3 + 1/20*w**5. What is the tens digit of t(9)?
7
Let s = -48059 - -74550. What is the units digit of s?
1
Let y = -3 + 15. Suppose -7 + 30 = 5*m - 2*o, -3*o = -3*m + y. Suppose m*w - 983 = -4*d, -12*d = -5*w - 7*d + 965. What is the units digit of w?
5
Suppose -66*n + 51745 = -185*n + 2205050. What is the thousands digit of n?
8
Let w = 3891 - 2053. Suppose 4*c + w = -694. Let g = c - -912. What is the hundreds digit of g?
2
Let u = -29 + 36. Let j(r) = -8*r - 17. Let k be j(u). Let p = 124 + k. What is the tens digit of p?
5
What is the units digit of (-3072)/(-9)*(-31)/(-6)*(1 + 8)?
2
Let h(b) be the second derivative of 0 + 3/20*b**5 + 1/6*b**3 + 1/2*b**2 - 5*b - 1/12*b**4. What is the units digit of h(2)?
3
Let d(t) = -25*t**3 - 8*t**2 + 10*t - 41. Let i(z) = 12*z**3 + 4*z**2 - 5*z + 21. Let f(k) = 6*d(k) + 13*i(k). What is the units digit of f(5)?
2
Let j(q) = q**2 - 3*q - 46. Let u be j(-6). Let l(x) = 21*x + 83. What is the tens digit of l(u)?
5
Let f(i) = -i**2 - 69*i - 77. Suppose -5*k = l + 2*l + 147, 0 = 5*l + 3*k + 229. What is the units digit of f(l)?
3
What is the units digit of (100134/72 - 3)/(4/112)?
7
Let o(n) = 2*n**2 - n + 2. Let i be o(3). Suppose -20*z + i*z + 4869 = 5*f, -2*z = 3*f - 2922. What is the units digit of f?
2
Let n(b) = b**2 + 18*b - 21. Let v(d) = 1. Let r(u) = n(u) + 5*v(u). Let p be r(-19). Let q = 52 + p. What is the tens digit of q?
5
Suppose 1231 = -4*s + f, s - 5*s = -5*f + 1243. Let h = s + 910. What is the tens digit of h?
0
Suppose -3*k = 3*p - 12750, k + 3*k - 21250 = -5*p. What is the tens digit of p?
5
Suppose -3*g + 6 = -3. Suppose 4*r - 2 = -4*w + 2, -g*w + 9 = -3*r. Suppose n - 2*n = 4*d - 68, -w = 2*d. What is the units digit of n?
2
Let u be (1 + -6 - -23) + -1. Suppose u*w + 299 = 11485. Suppose 2*j - a = -2*j + w, j - 3*a - 170 = 0. What is the units digit of j?
4
Let m(o) = -229*o + 49737. What is the ten thousands digit of m(0)?
4
What is the units digit of (-14)/(-10) - ((-210672)/70)/6?
3
Let q be 4/6*276/(-2). Let z = -3871 + 4014. Let l = q + z. What is the units digit of l?
1
Let h(t) = t**2 - 5*t - 9. Let s be h(6). Let l be s/(-18)*-3*-788. Suppose 44 - l = -5*p. What is the tens digit of p?
7
Let u(x) = -x**2 + 10*x - 18. Let w be u(7). Suppose -4*m - 6 = -5*f, w*m = f + 3*f - 5. What is the hundreds digit of (-8)/6*(m + 2) - -221?
2
Suppose -1099*q - 85620 = -1119*q. What is the hundreds digit of q?
2
Suppose 5*r + 4*a = 53 + 13, -3*a = -12. Suppose -r*m + 8890 + 3290 = 0. What is the tens digit of m?
1
Let o(w) = -296*w**3 + 20*w**2 + 32*w - 31. What is the ten thousands digit of o(-6)?
6
Suppose 32 = -5*g + 4*o - o, 2*g + 5*o - 12 = 0. Suppose -11 - 19 = 5*q. What is the tens digit of g/q - (-592)/12?
5
Let f = -4582 - -4719. What is the hundreds digit of f?
1
Let p(o) = o**3 - 20*o**2 - 20*o - 19. Suppose -54 - 9 = -3*a. Let q be p(a). Suppose 2*z - 339 = -3*c - z, 4*z = -q*c + 216. What is the tens digit of c?
1
Let r(w) be the first derivative of 38*w**3/3 + 5*w**2/2 - 9*w + 14. What is the tens digit of r(2)?
5
Let x(w) = -w**3 + 17*w**2 - 13*w + 11. Let j = -33 + 49. Let u be x(j). Suppose v = -i + u, 0*i + 4*i = -2*v + 234. What is the tens digit of i?
5
Suppose 2564*o - 2421*o - 2954666 = 0. What is the ten thousands digit of o?
2
Let i(o) = -173*o + 50678. What is the hundreds digit of i(0)?
6
Let r(i) = 46*i**2 - 33*i - 216. Let h be r(-8). Let c = h + -2031. What is the units digit of c?
1
Suppose -4*u = 2*x - 15898, -4*u = -x - 4*x + 39787. What is the hundreds digit of x?
9
What is the units digit of (-21642984)/(-1368) + (-8)/(-76)?
1
Let f(v) = 6939*v + 3459. What is the hundreds digit of f(4)?
2
Let i = 1409 - 384. Let z = i - 589. What is the hundreds digit of z?
4
Let g = 9 + -6. Suppose -r - 4*b = -11, b = g*r - 0*b - 7. Suppose -r*q - 258 = -x - 2*x, q = -2*x + 157. What is the units digit of x?
1
Let r(b) = 7*b + 51. Let f be r(-7). Suppose -5*c - 2090 = -0*l - 5*l, -840 = -2*l - f*c. What is the hundreds digit of l?
4
What is the units digit of 465509/22*(-112)/(-42)*6/4?
8
Suppose 2*k + 85 = -2*f + 7*f, 2*f - 25 = -k. Let l = 9280 - 9281. What is the tens digit of (f/9 + -1)*(l - -193)?
2
Let y be -75*2 + 6 + -2. Let j = y + 427. What is the hundreds digit of j?
2
Suppose -7*j + 128 = -376. Let u = j - -703. What is the hundreds digit of u?
7
Let u(c) = -11*c + 65650 + 29*c**2 - 65650. What is the units digit of u(5)?
0
Suppose 10*l - 4 = 8*l. Suppose 2*x = 5*q - 3499, -x = -4*q - l*x + 2807. What is the hundreds digit of q?
7
Suppose -70*w + 65*w - 3*g + 4874 = 0, -w - 5*g + 966 = 0. What is the tens digit of w?
7
Let m = -2590 + 5677. What is the tens digit of m?
8
Suppose -7*n + 52*n - 82800 = 0. Let o = n - 988. What is the hundreds digit of o?
8
Let w(s) = s + 6. Let o be w(-7). Let a be ((-1516)/6)/o - 18/(-54). Suppose -3*p - 245 = -3*h - 4*p, 3*h - a = p. What is the tens digit of h?
8
Let l = 6 + 41. Suppose 22*w = 20*w - 2*v + 90, -2*w + 91 = v. Let s = l - w. What is the units digit of s?
1
What is the hundreds digit of (252648/16 - 42)/(6/8)?
9
Suppose 151*b - 178*b + 345033 = 0. What is the thousands digit of b?
2
Let w(l) = -l**3 - 18*l**2 - 34*l - 30. Let k be w(-16). Let v = 478 + k. What is the tens digit of v?
8
What is the units digit of 17687 - 98/14 - -16?
6
Suppose 0 = 4*f + 6724 - 19864. What is the hundreds digit of f?
2
Suppose o = -o - 540. What is the tens digit of (o/40)/(-9) - 2786/(-8)?
4
Let j = -95 + 85. Let u be (j/(-4) + 0)/((-17)/(-102)). Suppose 14*a + 100 = u*a. What is the hundreds digit of a?
1
Suppose 156*z - 154*z - 3*n = 17815, 2 = -2*n. What is the hundreds digit of z?
9
Let n(w) = 19*w + 156. Let u be n(-6). What is the units digit of 4/(-7) + 1322*39/u?
7
Suppose -20*a + 4 = -18*a, 0 = 5*x + 4*a - 88668. What is the ten thousands digit of x?
1
What is the units digit of ((-1612)/(-6))/(10 - (-1664)/(-168))?
1
What is the tens digit of 31801 + ((-23)/(-69) - (-56)/(-6))?
9
Suppose -24*j + 6*j + 198 = 0. Suppose -j*y = -13*y + 854. What is the tens digit of y?
2
Suppose -9806 = -s + 4*f, 5*f - 19547 = 256*s - 258*s. What is the hundreds digit of s?
7
Let n = -1080 + 351. Let i = n - -1233. What is the hundreds digit of i?
5
What is the hundreds digit of (-44415)/(-630)*(1 - 0 - -9)?
7
Let k = 41 + -37. Suppose -k*d - 66 = -c - 2*d, -5*c - 2*d + 294 = 0. What is the tens digit of c?
6
Suppose 3*g + 2*n = n + 25, g - 2*n = 20. Let x = -127 - 445. What is the units digit of (-9)/45 - x/g?
7
Suppose -4*w - 2*v + 7672 = -3*v, -2*w = v - 3830. Suppose w = 9*c + 297. Wh